 4*i. Let d = 1879 + -1889. Give j(d).
2
Let i(r) be the third derivative of -r**5/60 - 17*r**4/24 - 2*r**3/3 - 29*r**2 + 5*r - 2. Determine i(-16).
12
Let s(m) be the first derivative of -11*m**4/4 - m**3/3 + 11*m**2/2 + 6*m + 151. Let g(r) = 13*r**3 - 11*r - 6. Let c(u) = 5*g(u) + 6*s(u). Determine c(-7).
-22
Let m(z) be the first derivative of -37*z**5/120 - z**4/24 + 226*z**3/3 + 126. Let v(c) be the third derivative of m(c). Calculate v(-1).
36
Let y(a) = 11*a - 10 - 22 - 5 - 8 - 4*a. Give y(7).
4
Suppose 13 + 32 = 5*z. Let s = -3 + z. Let c(x) be the third derivative of x**5/60 - x**4/6 + 7*x**3/6 - 4705*x**2. What is c(s)?
19
Let i(p) = -11*p**3 - 2*p**2 + 2*p + 2. Let l be i(1). Let n(v) = -120*v**2 + 10*v + 2*v + 121*v**2 + 6. What is n(l)?
-21
Suppose 3*y = 4*p - 19, -5*p = -2*y + 7*y - 15. Let o(q) be the first derivative of -7*q**2/2 + 6*q - 38429. Give o(p).
-22
Let u(s) be the second derivative of s**3/6 + 17*s**2/2 + 2*s + 41. Calculate u(-4).
13
Let g(u) = 15*u + 12. Suppose 0 = 2*o - 2*b - 12, -2*o + 5 = 82*b - 83*b. What is g(o)?
-3
Let n(o) = -o + 14. Let r be ((-44)/2)/(((-69)/(-276))/((-1)/8)). Give n(r).
3
Let f(u) = -u**3 + 13*u**2 + u - 11. Let b be f(13). Suppose w = -4, 0 = 2*v + 3*v + 2*w - b. Let r(j) = 0*j**2 + 1 - 3*j**2 - 10*j**v. Calculate r(-1).
-12
Let p(s) be the first derivative of -s**2/2 - 3*s - 25. Suppose 0 = 3*m - 5*y + 3 - 1, 2 = -y. Let o = m - 0. Determine p(o).
1
Let l(s) = -7*s**2 - 9*s + 1. Let i be 9/135 + (-671)/165. Calculate l(i).
-75
Suppose 0 = 2*k - f - 170 + 184, -4*k + 3*f = 34. Let b(o) = 2*o + 13. Give b(k).
5
Let n be ((-87)/(-81) - 1) + (-2028)/(-324) + -5. Let y(f) be the first derivative of 40 - 1/4*f**4 + 6*f - n*f**3 + f**2. Give y(-4).
-2
Let q(w) = -12397*w + 6200*w - 3 + 6228*w. Determine q(1).
28
Let q(d) = -d**3 - 11*d**2 + 6. Let s be 2/(-5) - 72/(-30). Suppose -178 = -s*f - 200. Let b be q(f). Let x(h) = 4*h. Calculate x(b).
24
Let w(a) = -a - 4. Let k be w(-12). Let m(h) be the second derivative of -h**5/20 + 2*h**4/3 - h**3/6 + 5*h**2 + 4*h. Give m(k).
2
Let t be ((-3)/15*2)/((-10)/50). Let h(f) = 1 + 14*f + 1 - 7*f - f - 4. Determine h(t).
10
Suppose 46*a - 16 = 38*a. Let b(g) = -6*g**2 + g + 2*g**2 - 18 + 18 + 3*g**a. What is b(2)?
-2
Let t(a) = -27*a**3 + 63*a**2 - 30*a - 151. Let g(i) = -7*i**3 + 16*i**2 - 8*i - 38. Let k(s) = -23*g(s) + 6*t(s). Determine k(10).
8
Let k(g) = g**3 + g**2 - g - 1. Suppose -5*y = 3*n - 169, -n + 2*y - 19 + 57 = 0. Let p = n - 46. Let q be p/3 + (-160)/60. Give k(q).
-3
Let n(l) = -10*l - 97. Let p be n(-10). Let b(t) = -p*t**2 + 115 + 7*t**2 + 2*t - 111 - 2*t**2. Give b(-3).
16
Let t(r) be the third derivative of -r**4/6 - r**3/3 - r**2. Let g = -226 - -208. Let f = g + 22. What is t(f)?
-18
Let u(w) = -w**2 - 10*w + 3. Let l = -351 - -110. Let r = 231 + l. Calculate u(r).
3
Let r(g) = -3*g + 46 + 73 - 107 + 2*g. Give r(23).
-11
Suppose -2 + 7 = v. Let c(g) = 8 + v*g**3 - g - 2*g**3 + 6*g**3 - 8*g**3. Determine c(0).
8
Let f(m) = m - 17. Suppose -13*n + 138 = -135. What is f(n)?
4
Suppose -31 = -3*g + 5*l, -l + 5 = 3*g + 2*g. Let p(b) = b**2 - 4*b + 7. What is p(g)?
3
Let t = -248 + 254. Let w(y) = 11 - t - 3 - 8*y**2 - 5 + 2*y. What is w(1)?
-9
Let s(g) be the first derivative of -g**4/4 - 25*g**2/2 - 2*g - 80. Let w(f) be the second derivative of s(f). Suppose -4*h = 6 - 2. Determine w(h).
6
Suppose -4 = -4*h - z, -19*h = -23*h - 5*z + 20. Let j(c) = 3*c**2 - 23. What is j(h)?
-23
Let c(p) = -3*p**3 + p. Let q be c(1). Let y(n) = 6*n**2 + 12. Let s(b) = -3*b**2 - 5. Let o(r) = 14*s(r) + 6*y(r). Give o(q).
-22
Let x = -9236 - -9237. Let r(c) = -c**3 - c**2 - c + 3. Give r(x).
0
Let l(g) = 3*g + 9. Let p be (-1220)/(-6)*57/(-38). Let f = -311 - p. Determine l(f).
-9
Let m(x) = -6*x - 176. Let u(w) = 54*w**2 - 1241*w - 54. Let d be u(23). Calculate m(d).
10
Let h(k) = -7*k - 63. Let c(o) = 6*o - 6. Let q(b) = 2*c(b) - h(b). Give q(-3).
-6
Let t(u) = 19*u**2 + 25 - 9*u**2 - 5*u**2 - 4*u**2 - 22 - 8*u. Let k be -1 + (-4 + 22)/2. Calculate t(k).
3
Let q(d) = -3*d + 8. Let h be q(7). Let w(u) = 39 + 13*u + 43 + 35 - 121 + u**2. Determine w(h).
-4
Let w be 2/(36/8 + -5). Let t(k) = -23*k**2. Let i(f) = -65*f**2 - 1. Let y(q) = -6*i(q) + 17*t(q). Calculate y(w).
-10
Let b(j) = 2*j + 1. Let w(d) = -2*d - 1. Let p(r) = -3*r - 7. Let h(i) = -p(i) - 4*w(i). Let q(s) = 6*b(s) - h(s). Determine q(2).
-3
Let r(v) = -50*v**3 + 20*v**2 - 7*v + 4. Let k(x) = 37*x**3 - 13*x**2 + 6*x - 3. Let u(t) = -7*k(t) - 5*r(t). Determine u(-1).
8
Let x(z) be the first derivative of -5*z**2 - 2*z - 5252. Give x(-1).
8
Suppose 2*y - 2*d - 4 = 6, 2*d + 26 = 4*y. Suppose -3*g + y = g. Suppose v = -g - 2. Let a(f) = -2*f - 2. What is a(v)?
6
Let p(z) = z**2 + 9 - 7 - 12 - 7*z. Suppose -2 - 322 = -36*j. Determine p(j).
8
Let p(n) = -6*n**2 + 6*n + 19. Let g(h) = -7*h**2 + 8*h + 25. Let t(j) = 3*g(j) - 4*p(j). Suppose -6 + 2 = 2*i. Calculate t(i).
11
Let t(l) = 22*l**2 - 7*l + 32. Let s(r) = -7*r**2 - 4*r - 1. Let g(z) = -3*s(z) - t(z). Determine g(18).
-11
Let w be (-231)/(-385)*-5*(-3 + 4). Let i(r) = 12*r - 1. Determine i(w).
-37
Let d(r) = 672953*r + 30 - 1345907*r + 672950*r. Give d(11).
-14
Let d(k) = -k**3 + 40*k**2 + k - 39. Suppose 0 = -5*v - 5*h + 215, -3*v + h = 2*h - 123. Determine d(v).
1
Let q(d) = 8*d + 136. Suppose -1767 = 44*h - 887. Determine q(h).
-24
Let y(a) = -30*a**3 - 28*a**2 + 4*a - 6. Let l(r) = -20*r**3 - 18*r**2 + 2*r - 4. Let t(c) = -8*l(c) + 5*y(c). Calculate t(-2).
-70
Suppose -6 = 2*p - 2*r, 3*r - 19 + 10 = -p. Let u(i) = -7*i + 5*i**3 + 12*i + 1 - 4*i**3 - 6*i**2 + p. Let a be (-3)/((-27)/12)*3. Give u(a).
-11
Let y be (-1)/(-2) + (17/(-2) - -6). Let v(r) = -r**2 + 6*r - 4. Let n(h) = -5*h**2 + 30*h - 21. Let o = -21 - -32. Let p(a) = o*v(a) + y*n(a). What is p(3)?
7
Suppose 3*i - 20*y = -22*y + 14, 5*y = 20. Let z(d) = 10 + 2*d - i*d - 2*d - 1. What is z(0)?
9
Suppose 1563 = 16*c - 1877. Let b = 218 - c. Let l(s) = s - 1. Let m(r) = r**3 - 3*r**2 + r - 1. Let w(a) = -3*l(a) + m(a). What is w(b)?
-4
Let p = -38 - -41. Let s be 2/(14/4 - p). Suppose -3*f = -s + 13. Let j(q) = q**2 + 8*q + 3. Give j(f).
-12
Suppose -34*y - 25*y = 177. Let u(k) = -3*k**2 - 2*k - 1. Give u(y).
-22
Suppose m - 2*p = -66, 75 = -2*m + p - 69. Let j = -77 - m. Let v(n) = n - 5. Let d(h) = -2*h + 6. Let o(b) = -2*d(b) - 3*v(b). Calculate o(j).
0
Let a(m) = -4*m + 38. Let y be a(13). Let v be 2/(360/525 + 4/y). Let x(p) = -p**2 + 8*p - 4. What is x(v)?
11
Let h(b) = -86 + 226 - 13 + 4*b - 6*b + 9*b. Calculate h(-19).
-6
Let f be -11 - 10*(-98)/140. Let k(c) = 2 + 2*c + 3 - c**3 + 5*c - 2*c**2. Calculate k(f).
9
Let y(n) = 4*n + 272. Let j be y(-66). Let z(m) = -m**3 + 8*m**2 + 16. What is z(j)?
16
Suppose -32*k + 15708 = -277*k + 14483. Let t(a) = -a. Let m(u) = 7*u + 17. Let l(n) = m(n) + 2*t(n). What is l(k)?
-8
Let i(v) = v**3 + 7*v**2 + 2*v + 17. Suppose -k = -2, -13*k + 1380 = 3*h - 10*k. Suppose 0 = -7*w + 409 - h. Calculate i(w).
3
Suppose 8*s + 394 = 378. Let p(o) = -o**2 - 3*o - 3. Let h(i) = -5*i**2 - 12*i - 11. Let c(x) = 2*h(x) - 9*p(x). What is c(s)?
-5
Let r(n) = -n**3 - 43*n**2 - 78*n + 155. Let q be r(-41). Let l(b) = b**3 + 8*b**2 - 4*b + 65. Calculate l(q).
20
Let k be 50/30 + 4/(-6). Let a(u) = -u**2 + 2*u + 16. Let t be a(5). Let f(r) = -t - 4*r**2 + 0 - 9*r**2. Determine f(k).
-14
Let r(o) = o**2 - o + 16. Let h = 2007 - 2007. Calculate r(h).
16
Let f(t) be the first derivative of -t**3/3 + 7*t**2/2 + 7*t + 25. Let j be 7/(7/18) - (0 - 1). Let v = j - 11. Give f(v).
-1
Let t(w) = -w**3 + 6*w**2 + 8*w - 1. Let i be ((-14)/(-4))/((-12)/(-24)). Suppose 13 = 5*a - i. Suppose 3*y + k = 22, 0 = -4*y + y + a*k + 17. Determine t(y).
6
Suppose 5*l = c - 26 + 3, 3*l + 5*c + 25 = 0. Let w(x) be the second derivative of x**3/2 - 7*x**2/2 - 98*x + 6. Calculate w(l).
-22
Let p(h) = h**3 - 11 - 287*h**2 + 150*h**2 - 2*h**3 + 150*h**2 - 29*h. Calculate p(10).
-1
Suppose 5*d - 10033 = -5*r + 2*d, -4*d = 3*r - 6011. Let h(u) = -7 + u - 7*u**2 - r*u**3 - 9*u + 2008*u**3. Give h(-5).
-17
Let q be ((-23)/46 - -2) + -1 + 3/(-9). Let m(y) be the third derivative of 5*y**2 + 0*y**4 + 0*y**5 + q*y**3 - 3/40*y**6 + 0 + 0*y. Give m(-1).
10
Let i be ((-10)/(-15) + 2)*10